{"id":334,"date":"2025-07-03T19:40:09","date_gmt":"2025-07-03T19:40:09","guid":{"rendered":"https:\/\/montanahobro.dk\/?page_id=334"},"modified":"2025-07-04T05:05:37","modified_gmt":"2025-07-04T05:05:37","slug":"forside","status":"publish","type":"page","link":"https:\/\/montanahobro.dk\/","title":{"rendered":"Forside"},"content":{"rendered":"\t\t<div data-elementor-type=\"wp-page\" data-elementor-id=\"334\" class=\"elementor elementor-334\">\n\t\t\t\t<div class=\"elementor-element elementor-element-1adb53e e-flex e-con-boxed e-con e-parent\" data-id=\"1adb53e\" data-element_type=\"container\" data-settings=\"{&quot;background_background&quot;:&quot;classic&quot;}\">\n\t\t\t\t\t<div class=\"e-con-inner\">\n\t\t<div class=\"elementor-element elementor-element-11803ad e-con-full e-flex e-con e-child\" data-id=\"11803ad\" data-element_type=\"container\">\n\t\t\t\t<\/div>\n\t\t<div class=\"elementor-element elementor-element-64862a5 e-con-full e-flex e-con e-child\" data-id=\"64862a5\" data-element_type=\"container\">\n\t\t\t\t<div class=\"elementor-element elementor-element-5d0194a elementor-widget elementor-widget-heading\" data-id=\"5d0194a\" data-element_type=\"widget\" data-widget_type=\"heading.default\">\n\t\t\t\t\t<h1 class=\"elementor-heading-title elementor-size-default\">Villa Montana \u2014 En arkitektonisk perle i Hobro<\/h1>\t\t\t\t<\/div>\n\t\t\t\t<\/div>\n\t\t\t\t\t<\/div>\n\t\t\t\t<\/div>\n\t\t<div class=\"elementor-element elementor-element-6dea4bb e-flex e-con-boxed e-con e-parent\" data-id=\"6dea4bb\" data-element_type=\"container\">\n\t\t\t\t\t<div class=\"e-con-inner\">\n\t\t<div class=\"elementor-element elementor-element-cdb3c3f e-con-full e-flex e-con e-child\" data-id=\"cdb3c3f\" data-element_type=\"container\">\n\t\t<div class=\"elementor-element elementor-element-85ef714 e-con-full e-flex e-con e-child\" data-id=\"85ef714\" data-element_type=\"container\">\n\t\t<div class=\"elementor-element elementor-element-11ba9fb e-con-full e-flex e-con e-child\" data-id=\"11ba9fb\" data-element_type=\"container\">\n\t\t\t\t<div class=\"elementor-element elementor-element-aa606d0 elementor-widget elementor-widget-spacer\" data-id=\"aa606d0\" data-element_type=\"widget\" data-widget_type=\"spacer.default\">\n\t\t\t\t\t\t\t<div class=\"elementor-spacer\">\n\t\t\t<div class=\"elementor-spacer-inner\"><\/div>\n\t\t<\/div>\n\t\t\t\t\t\t<\/div>\n\t\t\t\t<div class=\"elementor-element elementor-element-d0248ea elementor-widget elementor-widget-heading\" data-id=\"d0248ea\" data-element_type=\"widget\" data-widget_type=\"heading.default\">\n\t\t\t\t\t<h2 class=\"elementor-heading-title elementor-size-default\">Om Villa Montana<\/h2>\t\t\t\t<\/div>\n\t\t\t\t<\/div>\n\t\t\t\t<\/div>\n\t\t\t\t<\/div>\n\t\t\t\t\t<\/div>\n\t\t\t\t<\/div>\n\t\t<div class=\"elementor-element elementor-element-5347b86 e-flex e-con-boxed e-con e-parent\" data-id=\"5347b86\" data-element_type=\"container\">\n\t\t\t\t\t<div class=\"e-con-inner\">\n\t\t\t\t<div class=\"elementor-element elementor-element-c4f6b1d elementor-widget__width-initial elementor-widget elementor-widget-text-editor\" data-id=\"c4f6b1d\" data-element_type=\"widget\" data-widget_type=\"text-editor.default\">\n\t\t\t\t\t\t\t\t\t<p>Midt i Danmarks rige historiske v\u00e6v, i den charmerende by Hobro, st\u00e5r Villa \u201cMontana\u201d som et vidnesbyrd om tidl\u00f8s elegance og arkitektonisk storhed. Bygget i 1905, har denne uds\u00f8gte patriciervilla med ynde modst\u00e5et tidens tand og bevaret sine originale tr\u00e6k og h\u00f8je lofter, der hvisker fort\u00e6llinger fra fortiden.<\/p><p>Oprindeligt t\u00e6nkt som en \u201cherskabsbolig\u201d i Hobro, var Villa \u201cMontana\u201d designet til at v\u00e6re mere end bare en bolig. Det var et symbol p\u00e5 prestige og luksus, et fristed for de velhavende, der spejlede dens beboeres samfundsm\u00e6ssige status. Dens rejse gennem tiden s\u00e5 den omdannet til en pr\u00e6steg\u00e5rd, der indfusede den med en rolig hellighed, som kun et pr\u00e6stehus kunne indeholde. Senere omfavnede den livets melodier som en musikskole, hvor ekkoet af klavertaster og violinstrenge \u00e5ndede nyt liv i dens mure.<\/p>\t\t\t\t\t\t\t\t<\/div>\n\t\t\t\t<div class=\"elementor-element elementor-element-316df1e elementor-widget__width-initial elementor-widget elementor-widget-image\" data-id=\"316df1e\" data-element_type=\"widget\" data-widget_type=\"image.default\">\n\t\t\t\t\t\t\t\t\t\t\t\t\t\t\t<img decoding=\"async\" src=\"https:\/\/montanahobro.dk\/wp-content\/uploads\/2025\/07\/IMG_1069.jpeg\" title=\"IMG_1069\" alt=\"IMG_1069\" loading=\"lazy\" \/>\t\t\t\t\t\t\t\t\t\t\t\t\t\t\t<\/div>\n\t\t\t\t\t<\/div>\n\t\t\t\t<\/div>\n\t\t<div class=\"elementor-element elementor-element-f4d4992 e-con-full e-flex e-con e-parent\" data-id=\"f4d4992\" data-element_type=\"container\">\n\t\t\t\t<div class=\"elementor-element elementor-element-51e5287 elementor-widget elementor-widget-image-gallery\" data-id=\"51e5287\" data-element_type=\"widget\" data-widget_type=\"image-gallery.default\">\n\t\t\t\t\t\t\t<div class=\"elementor-image-gallery\">\n\t\t\t<div id='gallery-1' class='gallery galleryid-334 gallery-columns-4 gallery-size-thumbnail'><figure class='gallery-item'>\n\t\t\t<div class='gallery-icon landscape'>\n\t\t\t\t<a data-elementor-open-lightbox=\"yes\" data-elementor-lightbox-slideshow=\"51e5287\" data-elementor-lightbox-title=\"edc_DJI_0007\" data-e-action-hash=\"#elementor-action%3Aaction%3Dlightbox%26settings%3DeyJpZCI6MjkwLCJ1cmwiOiJodHRwczpcL1wvbW9udGFuYWhvYnJvLmRrXC93cC1jb250ZW50XC91cGxvYWRzXC8yMDI1XC8wN1wvZWRjX0RKSV8wMDA3LXNjYWxlZC5qcGciLCJzbGlkZXNob3ciOiI1MWU1Mjg3In0%3D\" href='https:\/\/montanahobro.dk\/wp-content\/uploads\/2025\/07\/edc_DJI_0007-scaled.jpg'><img decoding=\"async\" width=\"150\" height=\"150\" src=\"https:\/\/montanahobro.dk\/wp-content\/uploads\/2025\/07\/edc_DJI_0007-150x150.jpg\" class=\"attachment-thumbnail size-thumbnail\" alt=\"\" \/><\/a>\n\t\t\t<\/div><\/figure><figure class='gallery-item'>\n\t\t\t<div class='gallery-icon landscape'>\n\t\t\t\t<a data-elementor-open-lightbox=\"yes\" data-elementor-lightbox-slideshow=\"51e5287\" data-elementor-lightbox-title=\"edc_DJI_0008\" data-e-action-hash=\"#elementor-action%3Aaction%3Dlightbox%26settings%3DeyJpZCI6MjkxLCJ1cmwiOiJodHRwczpcL1wvbW9udGFuYWhvYnJvLmRrXC93cC1jb250ZW50XC91cGxvYWRzXC8yMDI1XC8wN1wvZWRjX0RKSV8wMDA4LXNjYWxlZC5qcGciLCJzbGlkZXNob3ciOiI1MWU1Mjg3In0%3D\" href='https:\/\/montanahobro.dk\/wp-content\/uploads\/2025\/07\/edc_DJI_0008-scaled.jpg'><img decoding=\"async\" width=\"150\" height=\"150\" src=\"https:\/\/montanahobro.dk\/wp-content\/uploads\/2025\/07\/edc_DJI_0008-150x150.jpg\" class=\"attachment-thumbnail size-thumbnail\" alt=\"\" \/><\/a>\n\t\t\t<\/div><\/figure><figure class='gallery-item'>\n\t\t\t<div class='gallery-icon landscape'>\n\t\t\t\t<a data-elementor-open-lightbox=\"yes\" data-elementor-lightbox-slideshow=\"51e5287\" data-elementor-lightbox-title=\"edc_DJI_0009\" data-e-action-hash=\"#elementor-action%3Aaction%3Dlightbox%26settings%3DeyJpZCI6MjkyLCJ1cmwiOiJodHRwczpcL1wvbW9udGFuYWhvYnJvLmRrXC93cC1jb250ZW50XC91cGxvYWRzXC8yMDI1XC8wN1wvZWRjX0RKSV8wMDA5LXNjYWxlZC5qcGciLCJzbGlkZXNob3ciOiI1MWU1Mjg3In0%3D\" href='https:\/\/montanahobro.dk\/wp-content\/uploads\/2025\/07\/edc_DJI_0009-scaled.jpg'><img decoding=\"async\" width=\"150\" height=\"150\" src=\"https:\/\/montanahobro.dk\/wp-content\/uploads\/2025\/07\/edc_DJI_0009-150x150.jpg\" class=\"attachment-thumbnail size-thumbnail\" alt=\"\" \/><\/a>\n\t\t\t<\/div><\/figure><figure class='gallery-item'>\n\t\t\t<div class='gallery-icon landscape'>\n\t\t\t\t<a data-elementor-open-lightbox=\"yes\" data-elementor-lightbox-slideshow=\"51e5287\" data-elementor-lightbox-title=\"edc_DJI_0010\" data-e-action-hash=\"#elementor-action%3Aaction%3Dlightbox%26settings%3DeyJpZCI6MjkzLCJ1cmwiOiJodHRwczpcL1wvbW9udGFuYWhvYnJvLmRrXC93cC1jb250ZW50XC91cGxvYWRzXC8yMDI1XC8wN1wvZWRjX0RKSV8wMDEwLXNjYWxlZC5qcGciLCJzbGlkZXNob3ciOiI1MWU1Mjg3In0%3D\" href='https:\/\/montanahobro.dk\/wp-content\/uploads\/2025\/07\/edc_DJI_0010-scaled.jpg'><img loading=\"lazy\" decoding=\"async\" width=\"150\" height=\"150\" src=\"https:\/\/montanahobro.dk\/wp-content\/uploads\/2025\/07\/edc_DJI_0010-150x150.jpg\" class=\"attachment-thumbnail size-thumbnail\" alt=\"\" \/><\/a>\n\t\t\t<\/div><\/figure><figure class='gallery-item'>\n\t\t\t<div class='gallery-icon landscape'>\n\t\t\t\t<a data-elementor-open-lightbox=\"yes\" data-elementor-lightbox-slideshow=\"51e5287\" data-elementor-lightbox-title=\"edc_DJI_0013\" data-e-action-hash=\"#elementor-action%3Aaction%3Dlightbox%26settings%3DeyJpZCI6Mjk0LCJ1cmwiOiJodHRwczpcL1wvbW9udGFuYWhvYnJvLmRrXC93cC1jb250ZW50XC91cGxvYWRzXC8yMDI1XC8wN1wvZWRjX0RKSV8wMDEzLXNjYWxlZC5qcGciLCJzbGlkZXNob3ciOiI1MWU1Mjg3In0%3D\" href='https:\/\/montanahobro.dk\/wp-content\/uploads\/2025\/07\/edc_DJI_0013-scaled.jpg'><img loading=\"lazy\" decoding=\"async\" width=\"150\" height=\"150\" src=\"https:\/\/montanahobro.dk\/wp-content\/uploads\/2025\/07\/edc_DJI_0013-150x150.jpg\" class=\"attachment-thumbnail size-thumbnail\" alt=\"\" \/><\/a>\n\t\t\t<\/div><\/figure><figure class='gallery-item'>\n\t\t\t<div class='gallery-icon landscape'>\n\t\t\t\t<a data-elementor-open-lightbox=\"yes\" data-elementor-lightbox-slideshow=\"51e5287\" data-elementor-lightbox-title=\"edc_DJI_0010\" data-e-action-hash=\"#elementor-action%3Aaction%3Dlightbox%26settings%3DeyJpZCI6Mjk1LCJ1cmwiOiJodHRwczpcL1wvbW9udGFuYWhvYnJvLmRrXC93cC1jb250ZW50XC91cGxvYWRzXC8yMDI1XC8wN1wvZWRjX0RKSV8wMDEwLTEtc2NhbGVkLmpwZyIsInNsaWRlc2hvdyI6IjUxZTUyODcifQ%3D%3D\" href='https:\/\/montanahobro.dk\/wp-content\/uploads\/2025\/07\/edc_DJI_0010-1-scaled.jpg'><img loading=\"lazy\" decoding=\"async\" width=\"150\" height=\"150\" src=\"https:\/\/montanahobro.dk\/wp-content\/uploads\/2025\/07\/edc_DJI_0010-1-150x150.jpg\" class=\"attachment-thumbnail size-thumbnail\" alt=\"\" \/><\/a>\n\t\t\t<\/div><\/figure><figure class='gallery-item'>\n\t\t\t<div class='gallery-icon landscape'>\n\t\t\t\t<a data-elementor-open-lightbox=\"yes\" data-elementor-lightbox-slideshow=\"51e5287\" data-elementor-lightbox-title=\"edc_DJI_0011\" data-e-action-hash=\"#elementor-action%3Aaction%3Dlightbox%26settings%3DeyJpZCI6Mjk2LCJ1cmwiOiJodHRwczpcL1wvbW9udGFuYWhvYnJvLmRrXC93cC1jb250ZW50XC91cGxvYWRzXC8yMDI1XC8wN1wvZWRjX0RKSV8wMDExLXNjYWxlZC5qcGciLCJzbGlkZXNob3ciOiI1MWU1Mjg3In0%3D\" href='https:\/\/montanahobro.dk\/wp-content\/uploads\/2025\/07\/edc_DJI_0011-scaled.jpg'><img loading=\"lazy\" decoding=\"async\" width=\"150\" height=\"150\" src=\"https:\/\/montanahobro.dk\/wp-content\/uploads\/2025\/07\/edc_DJI_0011-150x150.jpg\" class=\"attachment-thumbnail size-thumbnail\" alt=\"\" \/><\/a>\n\t\t\t<\/div><\/figure><figure class='gallery-item'>\n\t\t\t<div class='gallery-icon landscape'>\n\t\t\t\t<a data-elementor-open-lightbox=\"yes\" data-elementor-lightbox-slideshow=\"51e5287\" data-elementor-lightbox-title=\"edc_DJI_0012\" data-e-action-hash=\"#elementor-action%3Aaction%3Dlightbox%26settings%3DeyJpZCI6Mjk3LCJ1cmwiOiJodHRwczpcL1wvbW9udGFuYWhvYnJvLmRrXC93cC1jb250ZW50XC91cGxvYWRzXC8yMDI1XC8wN1wvZWRjX0RKSV8wMDEyLXNjYWxlZC5qcGciLCJzbGlkZXNob3ciOiI1MWU1Mjg3In0%3D\" href='https:\/\/montanahobro.dk\/wp-content\/uploads\/2025\/07\/edc_DJI_0012-scaled.jpg'><img loading=\"lazy\" decoding=\"async\" width=\"150\" height=\"150\" src=\"https:\/\/montanahobro.dk\/wp-content\/uploads\/2025\/07\/edc_DJI_0012-150x150.jpg\" class=\"attachment-thumbnail size-thumbnail\" alt=\"\" \/><\/a>\n\t\t\t<\/div><\/figure><figure class='gallery-item'>\n\t\t\t<div class='gallery-icon landscape'>\n\t\t\t\t<a data-elementor-open-lightbox=\"yes\" data-elementor-lightbox-slideshow=\"51e5287\" data-elementor-lightbox-title=\"edc_DJI_0013\" data-e-action-hash=\"#elementor-action%3Aaction%3Dlightbox%26settings%3DeyJpZCI6Mjk4LCJ1cmwiOiJodHRwczpcL1wvbW9udGFuYWhvYnJvLmRrXC93cC1jb250ZW50XC91cGxvYWRzXC8yMDI1XC8wN1wvZWRjX0RKSV8wMDEzLTEtc2NhbGVkLmpwZyIsInNsaWRlc2hvdyI6IjUxZTUyODcifQ%3D%3D\" href='https:\/\/montanahobro.dk\/wp-content\/uploads\/2025\/07\/edc_DJI_0013-1-scaled.jpg'><img loading=\"lazy\" decoding=\"async\" width=\"150\" height=\"150\" src=\"https:\/\/montanahobro.dk\/wp-content\/uploads\/2025\/07\/edc_DJI_0013-1-150x150.jpg\" class=\"attachment-thumbnail size-thumbnail\" alt=\"\" \/><\/a>\n\t\t\t<\/div><\/figure><figure class='gallery-item'>\n\t\t\t<div class='gallery-icon landscape'>\n\t\t\t\t<a data-elementor-open-lightbox=\"yes\" data-elementor-lightbox-slideshow=\"51e5287\" data-elementor-lightbox-title=\"edc_DJI_0014\" data-e-action-hash=\"#elementor-action%3Aaction%3Dlightbox%26settings%3DeyJpZCI6Mjk5LCJ1cmwiOiJodHRwczpcL1wvbW9udGFuYWhvYnJvLmRrXC93cC1jb250ZW50XC91cGxvYWRzXC8yMDI1XC8wN1wvZWRjX0RKSV8wMDE0LXNjYWxlZC5qcGciLCJzbGlkZXNob3ciOiI1MWU1Mjg3In0%3D\" href='https:\/\/montanahobro.dk\/wp-content\/uploads\/2025\/07\/edc_DJI_0014-scaled.jpg'><img loading=\"lazy\" decoding=\"async\" width=\"150\" height=\"150\" src=\"https:\/\/montanahobro.dk\/wp-content\/uploads\/2025\/07\/edc_DJI_0014-150x150.jpg\" class=\"attachment-thumbnail size-thumbnail\" alt=\"\" \/><\/a>\n\t\t\t<\/div><\/figure><figure class='gallery-item'>\n\t\t\t<div class='gallery-icon landscape'>\n\t\t\t\t<a data-elementor-open-lightbox=\"yes\" data-elementor-lightbox-slideshow=\"51e5287\" data-elementor-lightbox-title=\"edc_DJI_0015\" data-e-action-hash=\"#elementor-action%3Aaction%3Dlightbox%26settings%3DeyJpZCI6MzAwLCJ1cmwiOiJodHRwczpcL1wvbW9udGFuYWhvYnJvLmRrXC93cC1jb250ZW50XC91cGxvYWRzXC8yMDI1XC8wN1wvZWRjX0RKSV8wMDE1LXNjYWxlZC5qcGciLCJzbGlkZXNob3ciOiI1MWU1Mjg3In0%3D\" href='https:\/\/montanahobro.dk\/wp-content\/uploads\/2025\/07\/edc_DJI_0015-scaled.jpg'><img loading=\"lazy\" decoding=\"async\" width=\"150\" height=\"150\" src=\"https:\/\/montanahobro.dk\/wp-content\/uploads\/2025\/07\/edc_DJI_0015-150x150.jpg\" class=\"attachment-thumbnail size-thumbnail\" alt=\"\" \/><\/a>\n\t\t\t<\/div><\/figure><figure class='gallery-item'>\n\t\t\t<div class='gallery-icon landscape'>\n\t\t\t\t<a data-elementor-open-lightbox=\"yes\" data-elementor-lightbox-slideshow=\"51e5287\" data-elementor-lightbox-title=\"edc_DJI_0016\" data-e-action-hash=\"#elementor-action%3Aaction%3Dlightbox%26settings%3DeyJpZCI6MzAxLCJ1cmwiOiJodHRwczpcL1wvbW9udGFuYWhvYnJvLmRrXC93cC1jb250ZW50XC91cGxvYWRzXC8yMDI1XC8wN1wvZWRjX0RKSV8wMDE2LXNjYWxlZC5qcGciLCJzbGlkZXNob3ciOiI1MWU1Mjg3In0%3D\" href='https:\/\/montanahobro.dk\/wp-content\/uploads\/2025\/07\/edc_DJI_0016-scaled.jpg'><img loading=\"lazy\" decoding=\"async\" width=\"150\" height=\"150\" src=\"https:\/\/montanahobro.dk\/wp-content\/uploads\/2025\/07\/edc_DJI_0016-150x150.jpg\" class=\"attachment-thumbnail size-thumbnail\" alt=\"\" \/><\/a>\n\t\t\t<\/div><\/figure><figure class='gallery-item'>\n\t\t\t<div class='gallery-icon landscape'>\n\t\t\t\t<a data-elementor-open-lightbox=\"yes\" data-elementor-lightbox-slideshow=\"51e5287\" data-elementor-lightbox-title=\"edc_MVL13017\" data-e-action-hash=\"#elementor-action%3Aaction%3Dlightbox%26settings%3DeyJpZCI6MzAyLCJ1cmwiOiJodHRwczpcL1wvbW9udGFuYWhvYnJvLmRrXC93cC1jb250ZW50XC91cGxvYWRzXC8yMDI1XC8wN1wvZWRjX01WTDEzMDE3LXNjYWxlZC5qcGciLCJzbGlkZXNob3ciOiI1MWU1Mjg3In0%3D\" href='https:\/\/montanahobro.dk\/wp-content\/uploads\/2025\/07\/edc_MVL13017-scaled.jpg'><img loading=\"lazy\" decoding=\"async\" width=\"150\" height=\"150\" src=\"https:\/\/montanahobro.dk\/wp-content\/uploads\/2025\/07\/edc_MVL13017-150x150.jpg\" class=\"attachment-thumbnail size-thumbnail\" alt=\"\" \/><\/a>\n\t\t\t<\/div><\/figure><figure class='gallery-item'>\n\t\t\t<div class='gallery-icon landscape'>\n\t\t\t\t<a data-elementor-open-lightbox=\"yes\" data-elementor-lightbox-slideshow=\"51e5287\" data-elementor-lightbox-title=\"edc_MVL26185\" data-e-action-hash=\"#elementor-action%3Aaction%3Dlightbox%26settings%3DeyJpZCI6MzAzLCJ1cmwiOiJodHRwczpcL1wvbW9udGFuYWhvYnJvLmRrXC93cC1jb250ZW50XC91cGxvYWRzXC8yMDI1XC8wN1wvZWRjX01WTDI2MTg1LXNjYWxlZC5qcGciLCJzbGlkZXNob3ciOiI1MWU1Mjg3In0%3D\" href='https:\/\/montanahobro.dk\/wp-content\/uploads\/2025\/07\/edc_MVL26185-scaled.jpg'><img loading=\"lazy\" decoding=\"async\" width=\"150\" height=\"150\" src=\"https:\/\/montanahobro.dk\/wp-content\/uploads\/2025\/07\/edc_MVL26185-150x150.jpg\" class=\"attachment-thumbnail size-thumbnail\" alt=\"\" \/><\/a>\n\t\t\t<\/div><\/figure><figure class='gallery-item'>\n\t\t\t<div class='gallery-icon landscape'>\n\t\t\t\t<a data-elementor-open-lightbox=\"yes\" data-elementor-lightbox-slideshow=\"51e5287\" data-elementor-lightbox-title=\"edc_MVL26186\" data-e-action-hash=\"#elementor-action%3Aaction%3Dlightbox%26settings%3DeyJpZCI6MzA0LCJ1cmwiOiJodHRwczpcL1wvbW9udGFuYWhvYnJvLmRrXC93cC1jb250ZW50XC91cGxvYWRzXC8yMDI1XC8wN1wvZWRjX01WTDI2MTg2LXNjYWxlZC5qcGciLCJzbGlkZXNob3ciOiI1MWU1Mjg3In0%3D\" href='https:\/\/montanahobro.dk\/wp-content\/uploads\/2025\/07\/edc_MVL26186-scaled.jpg'><img loading=\"lazy\" decoding=\"async\" width=\"150\" height=\"150\" src=\"https:\/\/montanahobro.dk\/wp-content\/uploads\/2025\/07\/edc_MVL26186-150x150.jpg\" class=\"attachment-thumbnail size-thumbnail\" alt=\"\" \/><\/a>\n\t\t\t<\/div><\/figure><figure class='gallery-item'>\n\t\t\t<div class='gallery-icon landscape'>\n\t\t\t\t<a data-elementor-open-lightbox=\"yes\" data-elementor-lightbox-slideshow=\"51e5287\" data-elementor-lightbox-title=\"edc_MVL26187\" data-e-action-hash=\"#elementor-action%3Aaction%3Dlightbox%26settings%3DeyJpZCI6MzA1LCJ1cmwiOiJodHRwczpcL1wvbW9udGFuYWhvYnJvLmRrXC93cC1jb250ZW50XC91cGxvYWRzXC8yMDI1XC8wN1wvZWRjX01WTDI2MTg3LXNjYWxlZC5qcGciLCJzbGlkZXNob3ciOiI1MWU1Mjg3In0%3D\" href='https:\/\/montanahobro.dk\/wp-content\/uploads\/2025\/07\/edc_MVL26187-scaled.jpg'><img loading=\"lazy\" decoding=\"async\" width=\"150\" height=\"150\" src=\"https:\/\/montanahobro.dk\/wp-content\/uploads\/2025\/07\/edc_MVL26187-150x150.jpg\" class=\"attachment-thumbnail size-thumbnail\" alt=\"\" \/><\/a>\n\t\t\t<\/div><\/figure><figure class='gallery-item'>\n\t\t\t<div class='gallery-icon landscape'>\n\t\t\t\t<a data-elementor-open-lightbox=\"yes\" data-elementor-lightbox-slideshow=\"51e5287\" data-elementor-lightbox-title=\"edc_MVL26188\" data-e-action-hash=\"#elementor-action%3Aaction%3Dlightbox%26settings%3DeyJpZCI6MzA2LCJ1cmwiOiJodHRwczpcL1wvbW9udGFuYWhvYnJvLmRrXC93cC1jb250ZW50XC91cGxvYWRzXC8yMDI1XC8wN1wvZWRjX01WTDI2MTg4LXNjYWxlZC5qcGciLCJzbGlkZXNob3ciOiI1MWU1Mjg3In0%3D\" href='https:\/\/montanahobro.dk\/wp-content\/uploads\/2025\/07\/edc_MVL26188-scaled.jpg'><img loading=\"lazy\" decoding=\"async\" width=\"150\" height=\"150\" src=\"https:\/\/montanahobro.dk\/wp-content\/uploads\/2025\/07\/edc_MVL26188-150x150.jpg\" class=\"attachment-thumbnail size-thumbnail\" alt=\"\" \/><\/a>\n\t\t\t<\/div><\/figure><figure class='gallery-item'>\n\t\t\t<div class='gallery-icon landscape'>\n\t\t\t\t<a data-elementor-open-lightbox=\"yes\" data-elementor-lightbox-slideshow=\"51e5287\" data-elementor-lightbox-title=\"edc_MVL26189\" data-e-action-hash=\"#elementor-action%3Aaction%3Dlightbox%26settings%3DeyJpZCI6MzA3LCJ1cmwiOiJodHRwczpcL1wvbW9udGFuYWhvYnJvLmRrXC93cC1jb250ZW50XC91cGxvYWRzXC8yMDI1XC8wN1wvZWRjX01WTDI2MTg5LXNjYWxlZC5qcGciLCJzbGlkZXNob3ciOiI1MWU1Mjg3In0%3D\" href='https:\/\/montanahobro.dk\/wp-content\/uploads\/2025\/07\/edc_MVL26189-scaled.jpg'><img loading=\"lazy\" decoding=\"async\" width=\"150\" height=\"150\" src=\"https:\/\/montanahobro.dk\/wp-content\/uploads\/2025\/07\/edc_MVL26189-150x150.jpg\" class=\"attachment-thumbnail size-thumbnail\" alt=\"\" \/><\/a>\n\t\t\t<\/div><\/figure><figure class='gallery-item'>\n\t\t\t<div class='gallery-icon landscape'>\n\t\t\t\t<a data-elementor-open-lightbox=\"yes\" data-elementor-lightbox-slideshow=\"51e5287\" data-elementor-lightbox-title=\"edc_MVL26190\" data-e-action-hash=\"#elementor-action%3Aaction%3Dlightbox%26settings%3DeyJpZCI6MzA4LCJ1cmwiOiJodHRwczpcL1wvbW9udGFuYWhvYnJvLmRrXC93cC1jb250ZW50XC91cGxvYWRzXC8yMDI1XC8wN1wvZWRjX01WTDI2MTkwLXNjYWxlZC5qcGciLCJzbGlkZXNob3ciOiI1MWU1Mjg3In0%3D\" href='https:\/\/montanahobro.dk\/wp-content\/uploads\/2025\/07\/edc_MVL26190-scaled.jpg'><img loading=\"lazy\" decoding=\"async\" width=\"150\" height=\"150\" src=\"https:\/\/montanahobro.dk\/wp-content\/uploads\/2025\/07\/edc_MVL26190-150x150.jpg\" class=\"attachment-thumbnail size-thumbnail\" alt=\"\" \/><\/a>\n\t\t\t<\/div><\/figure>\n\t\t<\/div>\n\t\t<\/div>\n\t\t\t\t\t\t<\/div>\n\t\t\t\t<\/div>\n\t\t\t\t<\/div>\n\t\t","protected":false},"excerpt":{"rendered":"<p>Villa Montana \u2014 En arkitektonisk perle i Hobro Om Villa Montana Midt i Danmarks rige historiske v\u00e6v, i den charmerende [&hellip;]<\/p>\n","protected":false},"author":1,"featured_media":0,"parent":0,"menu_order":0,"comment_status":"closed","ping_status":"closed","template":"","meta":{"site-sidebar-layout":"no-sidebar","site-content-layout":"","ast-site-content-layout":"full-width-container","site-content-style":"default","site-sidebar-style":"default","ast-global-header-display":"","ast-banner-title-visibility":"","ast-main-header-display":"","ast-hfb-above-header-display":"","ast-hfb-below-header-display":"","ast-hfb-mobile-header-display":"","site-post-title":"disabled","ast-breadcrumbs-content":"","ast-featured-img":"disabled","footer-sml-layout":"","theme-transparent-header-meta":"","adv-header-id-meta":"","stick-header-meta":"","header-above-stick-meta":"","header-main-stick-meta":"","header-below-stick-meta":"","astra-migrate-meta-layouts":"default","ast-page-background-enabled":"default","ast-page-background-meta":{"desktop":{"background-color":"var(--ast-global-color-5)","background-image":"","background-repeat":"repeat","background-position":"center center","background-size":"auto","background-attachment":"scroll","background-type":"","background-media":"","overlay-type":"","overlay-color":"","overlay-opacity":"","overlay-gradient":""},"tablet":{"background-color":"","background-image":"","background-repeat":"repeat","background-position":"center center","background-size":"auto","background-attachment":"scroll","background-type":"","background-media":"","overlay-type":"","overlay-color":"","overlay-opacity":"","overlay-gradient":""},"mobile":{"background-color":"","background-image":"","background-repeat":"repeat","background-position":"center center","background-size":"auto","background-attachment":"scroll","background-type":"","background-media":"","overlay-type":"","overlay-color":"","overlay-opacity":"","overlay-gradient":""}},"ast-content-background-meta":{"desktop":{"background-color":"var(--ast-global-color-4)","background-image":"","background-repeat":"repeat","background-position":"center center","background-size":"auto","background-attachment":"scroll","background-type":"","background-media":"","overlay-type":"","overlay-color":"","overlay-opacity":"","overlay-gradient":""},"tablet":{"background-color":"var(--ast-global-color-4)","background-image":"","background-repeat":"repeat","background-position":"center center","background-size":"auto","background-attachment":"scroll","background-type":"","background-media":"","overlay-type":"","overlay-color":"","overlay-opacity":"","overlay-gradient":""},"mobile":{"background-color":"var(--ast-global-color-4)","background-image":"","background-repeat":"repeat","background-position":"center center","background-size":"auto","background-attachment":"scroll","background-type":"","background-media":"","overlay-type":"","overlay-color":"","overlay-opacity":"","overlay-gradient":""}},"footnotes":""},"class_list":["post-334","page","type-page","status-publish","hentry"],"_links":{"self":[{"href":"https:\/\/montanahobro.dk\/index.php?rest_route=\/wp\/v2\/pages\/334","targetHints":{"allow":["GET"]}}],"collection":[{"href":"https:\/\/montanahobro.dk\/index.php?rest_route=\/wp\/v2\/pages"}],"about":[{"href":"https:\/\/montanahobro.dk\/index.php?rest_route=\/wp\/v2\/types\/page"}],"author":[{"embeddable":true,"href":"https:\/\/montanahobro.dk\/index.php?rest_route=\/wp\/v2\/users\/1"}],"replies":[{"embeddable":true,"href":"https:\/\/montanahobro.dk\/index.php?rest_route=%2Fwp%2Fv2%2Fcomments&post=334"}],"version-history":[{"count":56,"href":"https:\/\/montanahobro.dk\/index.php?rest_route=\/wp\/v2\/pages\/334\/revisions"}],"predecessor-version":[{"id":408,"href":"https:\/\/montanahobro.dk\/index.php?rest_route=\/wp\/v2\/pages\/334\/revisions\/408"}],"wp:attachment":[{"href":"https:\/\/montanahobro.dk\/index.php?rest_route=%2Fwp%2Fv2%2Fmedia&parent=334"}],"curies":[{"name":"wp","href":"https:\/\/api.w.org\/{rel}","templated":true}]}}